it of 6075299?
6
What is the thousands digit of 482761?
2
What is the units digit of 11967777?
7
What is the hundreds digit of 2883938?
9
What is the hundred thousands digit of 926699?
9
What is the ten thousands digit of 1115465?
1
What is the units digit of 1040754?
4
What is the ten thousands digit of 16235681?
3
What is the thousands digit of 9184161?
4
What is the tens digit of 388568?
6
What is the tens digit of 189419?
1
What is the units digit of 25430812?
2
What is the tens digit of 91752?
5
What is the ten thousands digit of 102829?
0
What is the tens digit of 2815097?
9
What is the thousands digit of 19310686?
0
What is the ten millions digit of 15808608?
1
What is the units digit of 43000?
0
What is the ten thousands digit of 14352437?
5
What is the units digit of 13294157?
7
What is the units digit of 3432940?
0
What is the hundred thousands digit of 200162?
2
What is the hundreds digit of 1154705?
7
What is the tens digit of 7962969?
6
What is the thousands digit of 49724?
9
What is the millions digit of 8870593?
8
What is the hundred thousands digit of 177670?
1
What is the tens digit of 70656?
5
What is the tens digit of 4796462?
6
What is the hundred thousands digit of 170833?
1
What is the thousands digit of 1326565?
6
What is the tens digit of 7183406?
0
What is the hundreds digit of 3975740?
7
What is the millions digit of 14755919?
4
What is the tens digit of 332368?
6
What is the ten thousands digit of 19707147?
0
What is the units digit of 20890?
0
What is the tens digit of 1034743?
4
What is the millions digit of 1170936?
1
What is the hundreds digit of 1289720?
7
What is the hundreds digit of 378473?
4
What is the ten thousands digit of 1014745?
1
What is the millions digit of 5150496?
5
What is the tens digit of 835785?
8
What is the ten millions digit of 11117465?
1
What is the millions digit of 1058190?
1
What is the ten thousands digit of 422108?
2
What is the units digit of 11621745?
5
What is the hundred thousands digit of 10222730?
2
What is the hundred thousands digit of 295839?
2
What is the hundred thousands digit of 1361686?
3
What is the millions digit of 2144573?
2
What is the thousands digit of 935218?
5
What is the hundred thousands digit of 4507415?
5
What is the units digit of 3029994?
4
What is the hundred thousands digit of 35889487?
8
What is the thousands digit of 5387263?
7
What is the units digit of 2042250?
0
What is the hundreds digit of 16652532?
5
What is the thousands digit of 2486306?
6
What is the units digit of 256949?
9
What is the hundreds digit of 1092575?
5
What is the ten thousands digit of 1610336?
1
What is the millions digit of 23930776?
3
What is the ten thousands digit of 900529?
0
What is the millions digit of 1635753?
1
What is the tens digit of 272638?
3
What is the tens digit of 675984?
8
What is the hundreds digit of 3000089?
0
What is the ten thousands digit of 4066871?
6
What is the ten thousands digit of 1110222?
1
What is the tens digit of 7510474?
7
What is the hundred thousands digit of 241265?
2
What is the units digit of 958201?
1
What is the units digit of 30722531?
1
What is the tens digit of 2604216?
1
What is the ten thousands digit of 15914192?
1
What is the ten thousands digit of 2115737?
1
What is the tens digit of 174950?
5
What is the millions digit of 4834257?
4
What is the ten thousands digit of 10532?
1
What is the hundreds digit of 6992415?
4
What is the ten thousands digit of 399891?
9
What is the tens digit of 385274?
7
What is the thousands digit of 396594?
6
What is the ten thousands digit of 3450236?
5
What is the units digit of 206259?
9
What is the ten thousands digit of 239293?
3
What is the hundred thousands digit of 455883?
4
What is the hundreds digit of 33608500?
5
What is the ten thousands digit of 350800?
5
What is the millions digit of 1204540?
1
What is the millions digit of 4268346?
4
What is the millions digit of 24154749?
4
What is the millions digit of 11688089?
1
What is the tens digit of 1054252?
5
What is the thousands digit of 59930?
9
What is the hundreds digit of 48453?
4
What is the units digit of 630031?
1
What is the hundred thousands digit of 4222123?
2
What is the hundred thousands digit of 493975?
4
What is the ten thousands digit of 7011762?
1
What is the tens digit of 185082?
8
What is the hundreds digit of 8825735?
7
What is the units digit of 268049?
9
What is the hundreds digit of 187001?
0
What is the units digit of 14239?
9
What is the units digit of 7431?
1
What is the units digit of 1071158?
8
What is the hundred thousands digit of 2039716?
0
What is the units digit of 5362215?
5
What is the units digit of 910517?
7
What is the millions digit of 1674189?
1
What is the hundreds digit of 414761?
7
What is the thousands digit of 79458?
9
What is the units digit of 775282?
2
What is the tens digit of 303969?
6
What is the ten thousands digit of 2108964?
0
What is the hundreds digit of 314907?
9
What is the millions digit of 5920230?
5
What is the ten thousands digit of 37625?
3
What is the ten thousands digit of 3259556?
5
What is the thousands digit of 388387?
8
What is the hundred thousands digit of 455641?
4
What is the tens digit of 148371?
7
What is the tens digit of 5537913?
1
What is the hundred thousands digit of 242519?
2
What is the ten thousands digit of 4578482?
7
What is the ten thousands digit of 287870?
8
What is the ten thousands digit of 115163?
1
What is the tens digit of 95406?
0
What is the hundreds digit of 2821302?
3
What is the millions digit of 8856983?
8
What is the units digit of 4259?
9
What is the ten thousands digit of 1120672?
2
What is the hundreds digit of 90569?
5
What is the tens digit of 148526?
2
What is the tens digit of 3691495?
9
What is the hundred thousands digit of 3454016?
4
What is the hundreds digit of 22362431?
4
What is the hundreds digit of 2384014?
0
What is the hundred thousands digit of 6740598?
7
What is the tens digit of 828657?
5
What is the millions digit of 5174727?
5
What is the millions digit of 6890598?
6
What is the hundreds digit of 15031702?
7
What is the tens digit of 183817?
1
What is the hundreds digit of 8031?
0
What is the tens digit of 13886182?
8
What is the ten thousands digit of 82761?
8
What is the tens digit of 2788591?
9
What is the thousands digit of 1565997?
5
What is the units digit of 487230?
0
What is the hundred thousands digit of 15185789?
1
What is the hundreds digit of 492748?
7
What is the ten thousands digit of 145188?
4
What is the thousands digit of 6617874?
7
What is the thousands digit of 75261?
5
What is the tens digit of 2237768?
6
What is the thousands digit of 149132?
9
What is the ten thousands digit of 8396018?
9
What is the hundreds digit of 1490050?
0
What is the tens digit of 2112301?
0
What is the thousands digit of 1744934?
4
What is the tens digit of 2902897?
9
What is the tens digit of 2450003?
0
What is the ten millions digit of 18435399?
1
What is the hundred thousands digit of 760406?
7
What is the units digit of 6774156?
6
What is the units digit of 109113?
3
What is the ten thousands digit of 9034723?
3
What is the thousands digit of 33956?
3
What is the ten thousands digit of 2401006?
0
What is the thousands digit of 77586?
7
What is the hundreds digit of 7831977?
9
What is the hundreds digit of 3806403?
4
What is the hundreds digit of 101722?
7
What is the hundreds digit of 53594?
5
What is the tens digit of 1230207?
0
What is the ten thousands digit of 187832?
8
What is the hundreds digit of 243739?
7
What is the units digit of 320859?
9
What is the hundreds digit of 431406?
4
What is the ten thousands digit of 475158?
7
What is the thousands digit of 14376482?
6
What is the tens digit of 11223157?
5
What is the ten thousands digit of 23696650?
9
What is the hundreds digit of 1211?
2
What is the hundred thousands digit of 315449?
3
What is the ten thousands digit of 460380?
6
What is the ten thousands digit of 23545?
2
What is the thousands digit of 293105?
3
What is the units digit of 3802732?
2
What is the hundreds digit of 8222748?
7
What is the ten thousands digit of 38167?
3
What is the hundred thousands digit of 305252?
3
What is the ten millions digit of 12584264?
1
What is the tens digit of 20391